{"id":774,"date":"2022-09-26T17:53:20","date_gmt":"2022-09-26T17:53:20","guid":{"rendered":"http:\/\/schlaraffia-oldenburgia.de\/?page_id=774"},"modified":"2023-05-02T10:14:53","modified_gmt":"2023-05-02T10:14:53","slug":"impressum","status":"publish","type":"page","link":"https:\/\/schlaraffia-oldenburgia.de\/?page_id=774","title":{"rendered":"Impressum"},"content":{"rendered":"\t\t<div data-elementor-type=\"wp-page\" data-elementor-id=\"774\" class=\"elementor elementor-774\">\n\t\t\t\t\t\t<section class=\"elementor-section elementor-top-section elementor-element elementor-element-78e1e070 elementor-section-boxed elementor-section-height-default elementor-section-height-default\" data-id=\"78e1e070\" data-element_type=\"section\" data-e-type=\"section\">\n\t\t\t\t\t\t<div class=\"elementor-container elementor-column-gap-default\">\n\t\t\t\t\t<div class=\"elementor-column elementor-col-100 elementor-top-column elementor-element elementor-element-70e074c1\" data-id=\"70e074c1\" data-element_type=\"column\" data-e-type=\"column\">\n\t\t\t<div class=\"elementor-widget-wrap elementor-element-populated\">\n\t\t\t\t\t\t<div class=\"elementor-element elementor-element-14e1a1d5 elementor-widget elementor-widget-text-editor\" data-id=\"14e1a1d5\" data-element_type=\"widget\" data-e-type=\"widget\" data-widget_type=\"text-editor.default\">\n\t\t\t\t<div class=\"elementor-widget-container\">\n\t\t\t\t\t\t\t\t\t<p><\/p>\n<p>Diese Webseite wird gem\u00e4\u00df \u00a75TMG betrieben durch:<\/p>\n<p>Schlaraffia Oldenburgia<\/p>\n<p>vertreten durch den Vorstand: Detmar Dettmann, Hans-Dieter Kaps-Dekker (stellv.Vors.),<\/p>\n<p>Dr. Hans-Hermann Vogel(stellv. Vors.), Burkhard Krohn (Schriftf\u00fchrer), Wolfgang Storand (Schatzmeister)<\/p>\n<p>Postanschrift: Vorstand und Gesch\u00e4ftsstelle:<\/p>\n<p>Hauptstr. 48, 26122 Oldenburger<\/p>\n<p>Tellefon: 0441- 44974<\/p>\n<p>email: <a href=\"mailto:archivarius110@gmx.de\">archivarius110@gmx.de<\/a><\/p>\n<p>webseite: <a href=\"http:\/\/www.schlaraffia-oldenburgia.de\/\">www.schlaraffia-oldenburgia.de<\/a><\/p>\n<p>Domaininhaber: Schlaraffia Oldenburgia<\/p>\n<p>Der Domaininhaber ist der Vertragspartner der DENIC und damit der an der Domain materiell Berichtigte.<\/p>\n<p><span style=\"font-size: large;\"><b>Vertretungsberechtigter<\/b><\/span><\/p>\n<p>Redaktionell Verantwortlicher gem. \u00a755 Abs. 2 RstV<\/p>\n<p>E-Mail:Webmaster@schlaraffia-oldenburgia.de<\/p>\n<p><\/p>\n<p><span style=\"font-size: x-large;\"><b>Haftung f\u00fcr Inhalte<\/b><\/span><br>Wir haben die Inhalte unserer Homepage mit gro\u00dfer Sorgfalt erstellt. F\u00fcr die Richtigkeit, Vollst\u00e4ndigkeit und Aktualit\u00e4t der Inhalte k\u00f6nnen wir jedoch keine Gew\u00e4hr \u00fcbernehmen.<br>Als Diensteanbieter sind wir f\u00fcr eigene Inhalte auf diesen Seiten nach den allgemeinen Gesetzen verantwortlich. Dienstanbieter sind jedoch nicht verpflichtet, die von ihnen \u00fcbermittelten oder gespeicherten fremden Informationen zu \u00fcberwachen oder nach Umst\u00e4nden zu forschen, die auf eine rechtswidrige T\u00e4tigkeit hinweisen.<br>Verpflichtungen zur Entfernung oder Sperrung der Nutzung von Informationen nach den allgemeinen Gesetzen bleiben hiervon unber\u00fchrt. Eine diesbez\u00fcgliche Haftung ist jedoch erst ab dem Zeitpunkt der Kenntnis einer konkreten Rechtsverletzung m\u00f6glich. Bei bekannt werden von entsprechenden Rechtsverletzungen werden wir diese Inhalte umgehend entfernen.<br>Haftung f\u00fcr Links<br>Unser Angebot enth\u00e4lt Links zu externen Webseiten Dritter, auf deren Inhalte wir keinen Einfluss haben. Deshalb k\u00f6nnen wir f\u00fcr diese fremden Inhalte auch keine Gew\u00e4hr \u00fcbernehmen. F\u00fcr die Inhalte der verlinkten Seiten ist stets der jeweilige Anbieter oder Betreiber der Seiten verantwortlich.Die verlinkten Seiten wurden zum Zeitpunkt der Verlinkung auf m\u00f6gliche Rechtsverst\u00f6\u00dfe \u00fcberpr\u00fcft. Rechtswidrige Inhalte waren zum Zeitpunkt der Verlinkung nicht erkennbar. Eine permanente inhaltliche Kontrolle der verlinkten Seiten ist jedoch ohne konkrete Anhaltspunkte einer Rechtsverletzung nicht zumutbar. Bei bekannt werden von Rechtsverletzungen werden wir derartige Links umgehend entfernen.<\/p>\n<p><span style=\"font-size: x-large;\"><b>Urheberrecht<\/b><\/span><br>Die Betreiber der Seiten sind bem\u00fcht, stets die Urheberrechte anderer zu beachten bzw. auf selbst erstellte sowie lizenzfreie Werke zur\u00fcckzugreifen.Die durch die Seitenbetreiber erstellten Inhalte und Werke auf diesen Seiten unterliegen dem deutschen Urheberrecht. Beitr\u00e4ge Dritter sind als solche gekennzeichnet. Die Vervielf\u00e4ltigung, Bearbeitung, Verbreitung und jede Art der Verwertung au\u00dferhalb der Grenzen des Urheberrechtes bed\u00fcrfen der schriftlichen Zustimmung des jeweiligen Autors bzw. Erstellers. Downloads und Kopien dieser Seite sind nur f\u00fcr den privaten, nicht kommerziellen Gebrauch gestattet.<\/p>\n<p><span style=\"font-size: x-large;\"><b>Datenschutz<\/b><\/span><br>Soweit auf unseren Seiten personenbezogene Daten (beispielsweise Name, Anschrift oder eMail-Adressen) erhoben werden, erfolgt dies soweit m\u00f6glich stets auf freiwilliger Basis.Der Nutzung von im Rahmen der Impressumspflicht ver\u00f6ffentlichten Kontaktdaten durch Dritte zur \u00dcbersendung von nicht ausdr\u00fccklich angeforderter Werbung und Informationsmaterialien wird hiermit ausdr\u00fccklich widersprochen. Die Betreiber der Seiten behalten sich ausdr\u00fccklich rechtliche Schritte im Falle der unverlangten Zusendung von Werbeinformationen, etwa durch Spam-Mails, vor.<\/p>\n<p><span style=\"font-size: x-large;\"><b>Google Analytics<\/b><\/span><br>Diese Website benutzt Google\u2122 Analytics, einen Webanalysedienst der Google Inc. (\u201cGoogle\u201d). Google Analytics verwendet sog. \u201cCookies\u201d, Textdateien, die auf Ihrem Computer gespeichert werden und die eine Analyse der Benutzung der Website durch Sie erm\u00f6glichen. Die durch den Cookie erzeugten Informationen \u00fcber Ihre Benutzung dieser Website (einschlie\u00dflich Ihrer IP-Adresse) wird an einen Server von Google in den USA \u00fcbertragen und dort gespeichert. Google wird diese Informationen benutzen, um Ihre Nutzung der Website auszuwerten, um Reports \u00fcber die Websiteaktivit\u00e4ten f\u00fcr die Websitebetreiber zusammenzustellen und um weitere mit der Websitenutzung und der Internetnutzung verbundene Dienstleistungen zu erbringen. Auch wird Google diese Informationen gegebenenfalls an Dritte \u00fcbertragen, sofern dies gesetzlich vorgeschrieben oder soweit Dritte diese Daten im Auftrag von Google verarbeiten. Google wird in keinem Fall Ihre IP-Adresse mit anderen Daten von Google in Verbindung bringen. Sie k\u00f6nnen die Installation der Cookies durch eine entsprechende Einstellung Ihrer Browser Software verhindern; wir weisen Sie jedoch darauf hin, dass Sie in diesem Fall gegebenenfalls nicht s\u00e4mtliche Funktionen dieser Website vollumf\u00e4nglich nutzen k\u00f6nnen.<br>Durch die Nutzung dieser Website erkl\u00e4ren Sie sich mit der Bearbeitung der \u00fcber Sie erhobenen Daten durch Google in der zuvor beschriebenen Art und Weise und zu dem zuvor benannten Zweck einverstanden. Das Deaktivierungs-Add-on f\u00fcr Browser von Google Analytics gibt dem Website-Besucher mehr Kontrolle dar\u00fcber, welche Daten zu aufgerufenen Websites von Google Analytics erfasst werden.<br>Sollten Sie keine Speicherung Ihrer Daten w\u00fcnschen, installieren Sie sich bitte das von Google bereitgestellte Deaktivierungswerkzeug unter http:\/\/tools.google.com\/dlpage\/gaoptout?hl=de.Stand Oktober 2019<\/p>\t\t\t\t\t\t\t\t<\/div>\n\t\t\t\t<\/div>\n\t\t\t\t\t<\/div>\n\t\t<\/div>\n\t\t\t\t\t<\/div>\n\t\t<\/section>\n\t\t\t\t<\/div>\n\t\t","protected":false},"excerpt":{"rendered":"<p>Diese Webseite wird gem\u00e4\u00df \u00a75TMG betrieben durch: Schlaraffia Oldenburgia vertreten durch den Vorstand: Detmar Dettmann, Hans-Dieter Kaps-Dekker (stellv.Vors.), Dr. Hans-Hermann Vogel(stellv. Vors.), Burkhard Krohn (Schriftf\u00fchrer), Wolfgang Storand (Schatzmeister) Postanschrift: Vorstand und Gesch\u00e4ftsstelle: Hauptstr. 48, 26122 Oldenburger Tellefon: 0441- 44974 email: archivarius110@gmx.de webseite: www.schlaraffia-oldenburgia.de Domaininhaber: Schlaraffia Oldenburgia Der Domaininhaber ist der Vertragspartner der DENIC und damit [&hellip;]<\/p>\n","protected":false},"author":1,"featured_media":0,"parent":0,"menu_order":0,"comment_status":"closed","ping_status":"closed","template":"","meta":{"footnotes":""},"class_list":["post-774","page","type-page","status-publish","hentry"],"_links":{"self":[{"href":"https:\/\/schlaraffia-oldenburgia.de\/index.php?rest_route=\/wp\/v2\/pages\/774","targetHints":{"allow":["GET"]}}],"collection":[{"href":"https:\/\/schlaraffia-oldenburgia.de\/index.php?rest_route=\/wp\/v2\/pages"}],"about":[{"href":"https:\/\/schlaraffia-oldenburgia.de\/index.php?rest_route=\/wp\/v2\/types\/page"}],"author":[{"embeddable":true,"href":"https:\/\/schlaraffia-oldenburgia.de\/index.php?rest_route=\/wp\/v2\/users\/1"}],"replies":[{"embeddable":true,"href":"https:\/\/schlaraffia-oldenburgia.de\/index.php?rest_route=%2Fwp%2Fv2%2Fcomments&post=774"}],"version-history":[{"count":24,"href":"https:\/\/schlaraffia-oldenburgia.de\/index.php?rest_route=\/wp\/v2\/pages\/774\/revisions"}],"predecessor-version":[{"id":1672,"href":"https:\/\/schlaraffia-oldenburgia.de\/index.php?rest_route=\/wp\/v2\/pages\/774\/revisions\/1672"}],"wp:attachment":[{"href":"https:\/\/schlaraffia-oldenburgia.de\/index.php?rest_route=%2Fwp%2Fv2%2Fmedia&parent=774"}],"curies":[{"name":"wp","href":"https:\/\/api.w.org\/{rel}","templated":true}]}}